/(-32)?
241
Let t = 22946 + -22831. What is the remainder when t is divided by 65?
50
Suppose 4*v - 261 = m + 306, -3*m = 2*v - 287. What is the remainder when 166 is divided by v?
24
Let n = -2559 + 4419. What is the remainder when n is divided by 8?
4
Suppose -20 = 4*w + h, 19*h = -2*w + 16*h - 20. Calculate the remainder when 25 is divided by (-110)/(-8) - 1/w.
11
What is the remainder when 485 is divided by -1 - (-1 + 2) - 2*(-30)/4?
4
Suppose -3*p + 430 = 7*w, 36*w + 3*p = 39*w - 180. What is the remainder when 240 is divided by w?
57
Let p be (-1)/(-1) - 168/(-21). Suppose 4 = -p*j - 5. Calculate the remainder when (-3 + j)/((-40)/(-22) - 2) is divided by 12.
10
Suppose o + 2*d = 13, -2*o + 30 = 2*d + 12. Suppose -6 = 2*a - o*u, 5*a = 3*a + 3*u + 2. What is the remainder when 23 is divided by a?
2
Suppose 2*h = -b + 261, -b + 233 = -5*h - 0*h. Let j = b - 131. Calculate the remainder when j is divided by 45.
32
Suppose -94 = -5*j + 161. Let k(t) = 5*t - 6. Let r be k(7). Let h = -16 + r. Calculate the remainder when j is divided by h.
12
Suppose 8 = -2*t + 38. Let a(h) = -2*h**2 - 12*h - 23. Let o(x) = x. Let d(n) = a(n) - 3*o(n). Calculate the remainder when t is divided by d(-4).
0
Let f = 20 - 11. What is the remainder when (-9)/(-1) - -24 - 1 is divided by f?
5
Suppose 4*i + 62 = -4*f + 238, -3*i = 2*f - 93. Calculate the remainder when (7 - 5)/(1 - (-300)/(-308)) is divided by f.
38
Let u(k) = -20*k + 1. Let i be u(-6). Let m = i + -93. What is the remainder when m is divided by 18?
10
Let x = 72 + -42. Suppose 118*o - 100*o - 882 = 0. Let v(n) = -n**3 + 52*n**2 - 147*n + 88. Calculate the remainder when v(o) is divided by x.
28
Let i(h) = h**3 - 42*h**2 + 40*h + 72. Suppose 0 = 4*r + 3*x - 65, 3*r - x - 5 - 47 = 0. Calculate the remainder when i(41) is divided by r.
14
Let r(s) = 4*s**2 - 19*s - 53. Let m(g) = 3*g**2 - 18*g - 51. Let a(p) = -5*m(p) + 4*r(p). What is the remainder when 230 is divided by a(-15)?
56
Let p(m) = 68 - 6*m**2 - 338*m + m**3 + 20 + 317*m. Calculate the remainder when 189 is divided by p(8).
45
Let k(f) = 55*f**2 + f + 1. What is the remainder when k(-2) is divided by 4 + 76 + (-113 + 23)/15?
71
Suppose 0 = -b - 1, -12*b = 3*o - 11*b - 8. Suppose -o*g = -4*h - 80, 4*g = 4*h - 8*h + 60. What is the remainder when 156 is divided by g?
16
Suppose 3*h = 3*q + 1452, -3*q = 3*h - 513 - 945. Calculate the remainder when h is divided by 65.
30
Suppose -4*a + r = -2197, -5*a - 4*r + 3287 - 567 = 0. Calculate the remainder when a is divided by 30.
8
Suppose 3*v + 173 = 2*p, 70*p + 2*v = 71*p - 90. Calculate the remainder when 1122 is divided by p.
58
Let m = 136 + -155. Calculate the remainder when (-2696)/m + 10/95 is divided by 18.
16
Let t(f) = -5*f + 21. Suppose 0 = 3*n + 4*k - 3 + 22, -2*n = -2*k + 8. Calculate the remainder when t(n) is divided by 8.
6
Suppose -5*y + 2*y - 30 = -3*q, 31 = 3*q - 4*y. What is the remainder when 0 + q - 1*-659 is divided by 11?
8
What is the remainder when 476 is divided by (6/(-21))/((-2325)/(-777) + -3)?
32
Let r(k) = -2*k**2 + 12*k + 14. Suppose 0 = 5*i + 5*x + 10, -4*x + x + 43 = -4*i. Calculate the remainder when (-26)/(i/(63/6)) is divided by r(6).
11
Suppose 0 = 22*p - 4*p - 3060. Calculate the remainder when (2/(-17) - (-190)/p) + 111 is divided by 19.
17
Let v be (-20)/(-8)*4/(-1). Let z(u) = -u**3 - 9*u**2 + 9*u - 4. What is the remainder when 26 is divided by z(v)?
2
Suppose 0 = 70*s + 61*s - 132*s + 419. Calculate the remainder when s is divided by 28.
27
Suppose 35*x + 114 = 41*x. Suppose -2*j - 3*p + 7 = 0, -43 = -4*j + 5*p + 4. Calculate the remainder when x is divided by j.
3
Let s(k) = -5*k - 4. Let a = -10458 - -10484. What is the remainder when s(-7) is divided by a?
5
Let c = -43 - -356. What is the remainder when c is divided by (-2260)/113*(-3 - 6/(-8))?
43
Suppose -7*w - 40 = -12. Let g(o) = -4*o - 6. Let v be g(w). Calculate the remainder when 23 is divided by -3*(v/12)/((-2)/4).
3
Let y(a) = 12*a + 117. What is the remainder when 219 is divided by y(0)?
102
Let n = -3838 - -3852. Calculate the remainder when 44 is divided by n.
2
Suppose 1064 = -10*n + 6*n + 32*n. What is the remainder when 256 is divided by n?
28
Suppose 12*r = -2*r + 3*r + 264. What is the remainder when 131 is divided by r?
11
Let c be ((-114)/(-1) - 5) + -2. Suppose 2*y = c - 7. What is the remainder when 144 is divided by y?
44
Let b(l) = 31*l**2 + 11*l + 18. Let s be b(-3). Calculate the remainder when ((-1)/2)/((-2)/s) is divided by 17.
15
Let w be (-6)/(-21)*-39*(-49)/7. Let m = w + -34. What is the remainder when 83 is divided by m?
39
Let f = 416 + -203. Let y = f - 64. What is the remainder when y is divided by 26?
19
Suppose 5*x = -23 + 13. Calculate the remainder when (-37503)/(-45) + x/5 is divided by 27.
23
Suppose -3*h + 9*h - 504 = 0. Let m(z) be the second derivative of -z**4/12 + 3*z**3/2 + 7*z**2 - 3*z. Calculate the remainder when h is divided by m(8).
18
Suppose 0 = 1969*p - 1965*p - 3932. What is the remainder when p is divided by 29?
26
Suppose 0 = 2*f + 4*p - 454, -2*p + 115 - 113 = 0. Calculate the remainder when f is divided by 194.
31
Let m = -116 + 298. Calculate the remainder when m is divided by 20.
2
Let d = 3 - -9. Let y(f) = 5*f + 61. Let p be 2/(-4) + (-185)/74. Calculate the remainder when y(p) is divided by d.
10
Suppose 0 = 4*u - 4*h - 116, 0 = -3*u + 5*u - 3*h - 56. What is the remainder when 802 is divided by u?
27
Suppose -n - 406 = -65. Let b = n + 355. Calculate the remainder when b is divided by 3.
2
Let p(v) = -27*v. Let s(a) = 175*a + 2244. Calculate the remainder when s(-11) is divided by p(-2).
49
Let f(x) = 2*x**2 - 31*x - 214. Calculate the remainder when f(-43) is divided by 73.
72
Let b(g) = 10*g**2 + 355*g - 10507. What is the remainder when b(26) is divided by 343?
338
Suppose 0 = 5*z + 32 - 67. What is the remainder when 15 - 7 - -29 - z is divided by 8?
6
Let p = 14781 - 14648. Suppose -4*i + 36 = 2*v - 2*i, -4*v - 3*i = -74. Calculate the remainder when p is divided by v.
13
Suppose 4*v - 3*y - 1089 = 0, -3*v - 3*y + 801 = -0*v. Suppose 2*t = 3*g + 184, -78*t + 75*t + 4*g = -275. Calculate the remainder when v is divided by t.
3
What is the remainder when 590 is divided by ((30/18)/(4/(-48)))/(6/(-15))?
40
Let o(g) = -25*g + 1427. Calculate the remainder when 415 is divided by o(54).
30
Let s(a) = 32*a + 24. Let c be s(4). Let l = c + -127. What is the remainder when 66 is divided by l?
16
Let a(m) = 57*m - 1312. What is the remainder when a(29) is divided by 165?
11
Suppose 0 = x - 2*j - 30, -38*j + 150 = 5*x - 35*j. What is the remainder when 1558 is divided by x?
28
Let c be 2 - -3 - (423 - 4). Let j = c + 557. Suppose 7*g - 2*g = 180. Calculate the remainder when j is divided by g.
35
Let i = -4458 - -4726. Calculate the remainder when i is divided by 73.
49
Suppose 5*w = -0*w + 620. What is the remainder when w is divided by (-2)/(-4)*(35 - (6 - 156/12))?
19
Suppose 8*b - 232 = -0*b. Suppose 14*j - 13 = b. Suppose -c - j*c + 12 = 0. Calculate the remainder when 13 is divided by c.
1
Let i = -4726 - -4749. Calculate the remainder when -3 + (528/3 - -1) is divided by i.
13
Suppose 0 = 810*w - 798*w - 21456. Calculate the remainder when w is divided by 64.
60
Let s = 12750 - 9875. What is the remainder when s is divided by 120?
115
Let q(u) = 10*u**2 + 71*u + 36. What is the remainder when q(-11) is divided by 34?
23
Let z = -698 + 795. Suppose 9*v - 6*v - 64 = -l, 4*v - z = l. What is the remainder when 176 is divided by v?
15
What is the remainder when (0 + 1334)*(-11 + 161/14) is divided by 112?
107
Suppose 207 - 15327 = -189*g. Suppose 5*f = k - 3*k + 304, f - k - 65 = 0. Let r = g - f. What is the remainder when r is divided by 7?
4
Let r(x) = -x**2 - 31*x - 173. Let q be r(-9). Suppose 4*m - 51 = -5*s, 4*m - q + 4 = 5*s. What is the remainder when 260 is divided by m?
8
Let z be (-15)/(-25)*95/1. Let o = -106 - -69. Let t = z - o. What is the remainder when t is divided by 19?
18
Suppose 0 = -3*x - 5*m + 321, -23*m + 28*m + 214 = 2*x. What is the remainder when 11339 is divided by x?
104
Let h = -68 - -72. Suppose 0 = -f + h - 0. Suppose 29 = -f*w + 93. What is the remainder when 28 is divided by w?
12
Suppose -h - 2*w +